{"id":36,"date":"2026-03-25T12:26:15","date_gmt":"2026-03-25T12:26:15","guid":{"rendered":"https:\/\/mielike.fi\/?page_id=36"},"modified":"2026-03-25T12:26:19","modified_gmt":"2026-03-25T12:26:19","slug":"rentoutusohjaus","status":"publish","type":"page","link":"https:\/\/mielike.fi\/index.php\/rentoutusohjaus\/","title":{"rendered":"Rentoutusohjaus"},"content":{"rendered":"\n<div class=\"wp-block-group alignfull has-global-padding is-layout-constrained wp-container-core-group-is-layout-0c9c989a wp-block-group-is-layout-constrained\" style=\"min-height:0vh;margin-top:0;margin-bottom:0;padding-top:var(--wp--preset--spacing--70);padding-right:var(--wp--preset--spacing--40);padding-bottom:var(--wp--preset--spacing--70);padding-left:var(--wp--preset--spacing--40)\">\n<div class=\"wp-block-group has-global-padding is-layout-constrained wp-container-core-group-is-layout-346627ba wp-block-group-is-layout-constrained\">\n<h2 class=\"wp-block-heading has-text-align-center has-xx-large-font-size\" style=\"margin-right:0;margin-left:0;padding-right:0;padding-left:0\">Yin-jooga<\/h2>\n\n\n\n<p class=\"has-text-align-center\">Yin-jooga on, kuin lempe\u00e4 tauko el\u00e4m\u00e4n keskell\u00e4 &#8211; hetki, jossa voit vain olla. Harjoituksen aikana arjen kiireet v\u00e4istyv\u00e4t mielest\u00e4 ja keho saa luvan hellitt\u00e4\u00e4. Pitk\u00e4t ja rauhalliset asanat vapauttavat j\u00e4nnityst\u00e4 syv\u00e4lt\u00e4 sidekudoksista samalla, kun mieli laskeutuu hiljaisuuteen ja l\u00e4sn\u00e4oloon. Yin-jooga ei vaadi suorittamista. Harjoitus auttaa sinua kuuntelemaan kehoasi paremmin ja l\u00f6yt\u00e4m\u00e4\u00e4n pehmeys sielt\u00e4, miss\u00e4 nyt on kireytt\u00e4.<\/p>\n<\/div>\n<\/div>\n\n\n\n<div class=\"wp-block-group alignfull is-style-section-1 has-global-padding is-layout-constrained wp-block-group-is-layout-constrained is-style-section-1--1\" style=\"margin-top:0;margin-bottom:0;padding-top:var(--wp--preset--spacing--80);padding-bottom:var(--wp--preset--spacing--80)\">\n<div class=\"wp-block-columns alignwide is-layout-flex wp-container-core-columns-is-layout-66fad18a wp-block-columns-is-layout-flex\">\n<div class=\"wp-block-column is-layout-flow wp-block-column-is-layout-flow\" style=\"padding-right:var(--wp--preset--spacing--50);flex-basis:45%\">\n<figure class=\"wp-block-image size-full\"><img decoding=\"async\" src=\"https:\/\/mielike.fi\/wp-content\/themes\/twentytwentyfive\/assets\/images\/red-hibiscus-closeup.webp\" alt=\"Photography close up of a red flower.\"\/><\/figure>\n\n\n\n<div class=\"wp-block-group has-global-padding is-layout-constrained wp-block-group-is-layout-constrained\" style=\"margin-top:-12vw\">\n<figure class=\"wp-block-image alignright size-full is-resized\" style=\"margin-right:-5vw;margin-left:-5vw\"><img decoding=\"async\" src=\"https:\/\/mielike.fi\/wp-content\/themes\/twentytwentyfive\/assets\/images\/grid-flower-2.webp\" alt=\"Black and white photography close up of a flower.\" style=\"width:202px\"\/><\/figure>\n<\/div>\n<\/div>\n\n\n\n<div class=\"wp-block-column is-vertically-aligned-center is-layout-flow wp-block-column-is-layout-flow\" style=\"padding-right:0;padding-left:0;flex-basis:50%\">\n<div class=\"wp-block-group is-vertical is-layout-flex wp-container-core-group-is-layout-fe9cc265 wp-block-group-is-layout-flex\">\n<h2 class=\"wp-block-heading\">\u00c4\u00e4nimaljarentoutus<\/h2>\n<\/div>\n\n\n\n<p class=\"is-style-text-subtitle is-style-text-subtitle--2\">Lempe\u00e4 matka sis\u00e4iseen hiljaisuuteen ja kehon palautumiseen. Kun maljojen v\u00e4r\u00e4htelev\u00e4t \u00e4\u00e4net t\u00e4ytt\u00e4v\u00e4t tilan, keho alkaa luonnostaan rentoutumaan, hermosto rauhoittuu ja stressi lieventyy.<\/p>\n<\/div>\n<\/div>\n<\/div>\n\n\n\n<div class=\"wp-block-group alignfull has-global-padding is-layout-constrained wp-container-core-group-is-layout-ebee8dc1 wp-block-group-is-layout-constrained\" style=\"margin-top:0;margin-bottom:0;padding-top:var(--wp--preset--spacing--50);padding-bottom:var(--wp--preset--spacing--50)\">\n<h2 class=\"wp-block-heading alignwide\">Rentoutusohjaus sis\u00e4lt\u00e4\u00e4: <\/h2>\n\n\n\n<div class=\"wp-block-columns alignwide is-layout-flex wp-container-core-columns-is-layout-28f84493 wp-block-columns-is-layout-flex\">\n<div class=\"wp-block-column is-layout-flow wp-block-column-is-layout-flow\">\n<figure class=\"wp-block-image size-full\" style=\"margin-bottom:24px\"><img decoding=\"async\" src=\"https:\/\/mielike.fi\/wp-content\/themes\/twentytwentyfive\/assets\/images\/campanula-alliariifolia-flower.webp\" alt=\"Image for service\" style=\"aspect-ratio:4\/3;object-fit:cover\"\/><\/figure>\n\n\n\n<h3 class=\"wp-block-heading\">Yin-jooga<\/h3>\n\n\n\n<p class=\"has-medium-font-size\">Ohjattu Yin-joogaharjoitus kaikille kehotyypeille. Tuon mukanani max.10:lle hengelle joogamatot, joogatiilet, viltit ja tyynyt lainaksi harjoituksen ajaksi. Voit tuoda halutessasi my\u00f6s omat v\u00e4lineet.<\/p>\n<\/div>\n\n\n\n<div class=\"wp-block-column is-layout-flow wp-block-column-is-layout-flow\">\n<figure class=\"wp-block-image size-full\" style=\"margin-bottom:24px\"><img decoding=\"async\" src=\"https:\/\/mielike.fi\/wp-content\/themes\/twentytwentyfive\/assets\/images\/delphinium-flowers.webp\" alt=\"Image for service\" style=\"aspect-ratio:4\/3;object-fit:cover\"\/><\/figure>\n\n\n\n<h3 class=\"wp-block-heading\">\u00c4\u00e4nimaljarentoutus<\/h3>\n\n\n\n<p class=\"has-medium-font-size\">Soittamani \u00e4\u00e4nimaljat sis\u00e4ltyv\u00e4t aina ohjaamiini rentoutusharjoituksiin. Voit halutessasi tilata vain \u00e4\u00e4nimaljarentoutuksen tai Yin-joogaharjoituksen ilman niit\u00e4.<\/p>\n<\/div>\n\n\n\n<div class=\"wp-block-column is-layout-flow wp-block-column-is-layout-flow\">\n<figure class=\"wp-block-image size-full\" style=\"margin-bottom:24px\"><img decoding=\"async\" src=\"https:\/\/mielike.fi\/wp-content\/themes\/twentytwentyfive\/assets\/images\/star-thristle-flower.webp\" alt=\"Image for service\" style=\"aspect-ratio:4\/3;object-fit:cover\"\/><\/figure>\n\n\n\n<h3 class=\"wp-block-heading\">Hengitysharjoitus<\/h3>\n\n\n\n<p class=\"has-medium-font-size\">Ohjaamani rentoutusharjoitukset sis\u00e4lt\u00e4v\u00e4t aina my\u00f6s kevyit\u00e4 hengitysharjoituksia. Voit halutessasi tilata my\u00f6s vain rentouttavan hengitysharjoituksen.<\/p>\n<\/div>\n<\/div>\n<\/div>\n\n\n\n<div class=\"wp-block-group alignfull has-global-padding is-layout-constrained wp-block-group-is-layout-constrained\" style=\"margin-top:0;margin-bottom:0;padding-top:var(--wp--preset--spacing--60);padding-bottom:var(--wp--preset--spacing--60)\">\n<div class=\"wp-block-columns alignwide is-layout-flex wp-container-core-columns-is-layout-1d9f35bd wp-block-columns-is-layout-flex\">\n<div class=\"wp-block-column has-border-color has-custom-color-1-color has-accent-5-background-color has-text-color has-background has-link-color wp-elements-9971187c07aad13ffda74a9d2bdd525f is-layout-flow wp-block-column-is-layout-flow\" style=\"border-color:var(--wp--preset--color--accent-6);border-width:1px;border-radius:10px;padding-top:var(--wp--preset--spacing--50);padding-right:var(--wp--preset--spacing--50);padding-bottom:var(--wp--preset--spacing--50);padding-left:var(--wp--preset--spacing--50)\">\n<h3 class=\"wp-block-heading\" id=\"free\">Pyyd\u00e4 tarjous!<\/h3>\n\n\n\n<p class=\"has-large-font-size\">Hintaan vaikuttavat:<\/p>\n\n\n\n<ul style=\"padding-bottom:var(--wp--preset--spacing--20);padding-left:var(--wp--preset--spacing--20)\" class=\"wp-block-list is-style-checkmark-list has-small-font-size\">\n<li>Ohjattuun rentoutusharjoitukseen osallistuvien henkil\u00f6iden m\u00e4\u00e4r\u00e4.<\/li>\n\n\n\n<li>Miss\u00e4 p\u00e4in Pirkanmaata tai Satakuntaa harjoituksen halutaan toteutuvan.<\/li>\n\n\n\n<li>Halutaanko rentoutusharjoituksen sis\u00e4lt\u00f6\u00e4 muuttaa (perusharjoitukseen kuuluu yin-jooga, \u00e4\u00e4nimaljat ja hengitysharjoitus).<\/li>\n\n\n\n<li>Kysy rohkeasti lis\u00e4\u00e4!<\/li>\n\n\n\n<li>Minut tavoittaa s\u00e4hk\u00f6postitse info@mielike.fi tai Instagramissa laittamalla viesti\u00e4 k\u00e4ytt\u00e4j\u00e4lle mielike.fi.<\/li>\n<\/ul>\n\n\n\n<div class=\"wp-block-buttons is-content-justification-center is-layout-flex wp-container-core-buttons-is-layout-a89b3969 wp-block-buttons-is-layout-flex\">\n<div class=\"wp-block-button has-custom-width wp-block-button__width-100\"><a class=\"wp-block-button__link wp-element-button\" href=\"info@mielike.fi\">info@mielike.fi<\/a><\/div>\n<\/div>\n<\/div>\n<\/div>\n<\/div>\n","protected":false},"excerpt":{"rendered":"<p>Yin-jooga Yin-jooga on, kuin lempe\u00e4 tauko el\u00e4m\u00e4n keskell\u00e4 &#8211; hetki, jossa voit vain olla. Harjoituksen aikana arjen kiireet v\u00e4istyv\u00e4t mielest\u00e4 ja keho saa luvan hellitt\u00e4\u00e4. Pitk\u00e4t ja rauhalliset asanat vapauttavat j\u00e4nnityst\u00e4 syv\u00e4lt\u00e4 sidekudoksista samalla, kun mieli laskeutuu hiljaisuuteen ja l\u00e4sn\u00e4oloon. Yin-jooga ei vaadi suorittamista. Harjoitus auttaa sinua kuuntelemaan kehoasi paremmin ja l\u00f6yt\u00e4m\u00e4\u00e4n pehmeys sielt\u00e4, miss\u00e4 [&hellip;]<\/p>\n","protected":false},"author":1,"featured_media":0,"parent":0,"menu_order":0,"comment_status":"closed","ping_status":"closed","template":"","meta":{"footnotes":""},"class_list":["post-36","page","type-page","status-publish","hentry"],"yoast_head":"<!-- This site is optimized with the Yoast SEO plugin v27.2 - https:\/\/yoast.com\/product\/yoast-seo-wordpress\/ -->\n<title>Rentoutusohjaus - Mieli,liike ja keho<\/title>\n<meta name=\"robots\" content=\"index, follow, max-snippet:-1, max-image-preview:large, max-video-preview:-1\" \/>\n<link rel=\"canonical\" href=\"https:\/\/mielike.fi\/index.php\/rentoutusohjaus\/\" \/>\n<meta property=\"og:locale\" content=\"fi_FI\" \/>\n<meta property=\"og:type\" content=\"article\" \/>\n<meta property=\"og:title\" content=\"Rentoutusohjaus - Mieli,liike ja keho\" \/>\n<meta property=\"og:description\" content=\"Yin-jooga Yin-jooga on, kuin lempe\u00e4 tauko el\u00e4m\u00e4n keskell\u00e4 &#8211; hetki, jossa voit vain olla. Harjoituksen aikana arjen kiireet v\u00e4istyv\u00e4t mielest\u00e4 ja keho saa luvan hellitt\u00e4\u00e4. Pitk\u00e4t ja rauhalliset asanat vapauttavat j\u00e4nnityst\u00e4 syv\u00e4lt\u00e4 sidekudoksista samalla, kun mieli laskeutuu hiljaisuuteen ja l\u00e4sn\u00e4oloon. Yin-jooga ei vaadi suorittamista. Harjoitus auttaa sinua kuuntelemaan kehoasi paremmin ja l\u00f6yt\u00e4m\u00e4\u00e4n pehmeys sielt\u00e4, miss\u00e4 [&hellip;]\" \/>\n<meta property=\"og:url\" content=\"https:\/\/mielike.fi\/index.php\/rentoutusohjaus\/\" \/>\n<meta property=\"og:site_name\" content=\"Mieli,liike ja keho\" \/>\n<meta property=\"article:modified_time\" content=\"2026-03-25T12:26:19+00:00\" \/>\n<meta property=\"og:image\" content=\"https:\/\/mielike.fi\/wp-content\/themes\/twentytwentyfive\/assets\/images\/red-hibiscus-closeup.webp\" \/>\n<meta name=\"twitter:card\" content=\"summary_large_image\" \/>\n<meta name=\"twitter:label1\" content=\"Arvioitu lukuaika\" \/>\n\t<meta name=\"twitter:data1\" content=\"3 minuuttia\" \/>\n<script type=\"application\/ld+json\" class=\"yoast-schema-graph\">{\"@context\":\"https:\/\/schema.org\",\"@graph\":[{\"@type\":\"WebPage\",\"@id\":\"https:\/\/mielike.fi\/index.php\/rentoutusohjaus\/\",\"url\":\"https:\/\/mielike.fi\/index.php\/rentoutusohjaus\/\",\"name\":\"Rentoutusohjaus - Mieli,liike ja keho\",\"isPartOf\":{\"@id\":\"https:\/\/mielike.fi\/#website\"},\"primaryImageOfPage\":{\"@id\":\"https:\/\/mielike.fi\/index.php\/rentoutusohjaus\/#primaryimage\"},\"image\":{\"@id\":\"https:\/\/mielike.fi\/index.php\/rentoutusohjaus\/#primaryimage\"},\"thumbnailUrl\":\"https:\/\/mielike.fi\/wp-content\/themes\/twentytwentyfive\/assets\/images\/red-hibiscus-closeup.webp\",\"datePublished\":\"2026-03-25T12:26:15+00:00\",\"dateModified\":\"2026-03-25T12:26:19+00:00\",\"breadcrumb\":{\"@id\":\"https:\/\/mielike.fi\/index.php\/rentoutusohjaus\/#breadcrumb\"},\"inLanguage\":\"fi\",\"potentialAction\":[{\"@type\":\"ReadAction\",\"target\":[\"https:\/\/mielike.fi\/index.php\/rentoutusohjaus\/\"]}]},{\"@type\":\"ImageObject\",\"inLanguage\":\"fi\",\"@id\":\"https:\/\/mielike.fi\/index.php\/rentoutusohjaus\/#primaryimage\",\"url\":\"https:\/\/mielike.fi\/wp-content\/themes\/twentytwentyfive\/assets\/images\/red-hibiscus-closeup.webp\",\"contentUrl\":\"https:\/\/mielike.fi\/wp-content\/themes\/twentytwentyfive\/assets\/images\/red-hibiscus-closeup.webp\"},{\"@type\":\"BreadcrumbList\",\"@id\":\"https:\/\/mielike.fi\/index.php\/rentoutusohjaus\/#breadcrumb\",\"itemListElement\":[{\"@type\":\"ListItem\",\"position\":1,\"name\":\"Etusivu\",\"item\":\"https:\/\/mielike.fi\/\"},{\"@type\":\"ListItem\",\"position\":2,\"name\":\"Rentoutusohjaus\"}]},{\"@type\":\"WebSite\",\"@id\":\"https:\/\/mielike.fi\/#website\",\"url\":\"https:\/\/mielike.fi\/\",\"name\":\"Mielen ja kehon rentoutus\",\"description\":\"Kehotietoinen rentoutusohjaus.\",\"publisher\":{\"@id\":\"https:\/\/mielike.fi\/#\/schema\/person\/03c07dc35716f187a614ccf2f6651a51\"},\"potentialAction\":[{\"@type\":\"SearchAction\",\"target\":{\"@type\":\"EntryPoint\",\"urlTemplate\":\"https:\/\/mielike.fi\/?s={search_term_string}\"},\"query-input\":{\"@type\":\"PropertyValueSpecification\",\"valueRequired\":true,\"valueName\":\"search_term_string\"}}],\"inLanguage\":\"fi\"},{\"@type\":[\"Person\",\"Organization\"],\"@id\":\"https:\/\/mielike.fi\/#\/schema\/person\/03c07dc35716f187a614ccf2f6651a51\",\"name\":\"Hertta Lehtinen\",\"image\":{\"@type\":\"ImageObject\",\"inLanguage\":\"fi\",\"@id\":\"https:\/\/mielike.fi\/wp-content\/uploads\/2026\/03\/MIELIKE.png\",\"url\":\"https:\/\/mielike.fi\/wp-content\/uploads\/2026\/03\/MIELIKE.png\",\"contentUrl\":\"https:\/\/mielike.fi\/wp-content\/uploads\/2026\/03\/MIELIKE.png\",\"width\":2000,\"height\":2000,\"caption\":\"Hertta Lehtinen\"},\"logo\":{\"@id\":\"https:\/\/mielike.fi\/wp-content\/uploads\/2026\/03\/MIELIKE.png\"},\"sameAs\":[\"https:\/\/mielike.fi\",\"mielike.fi\"]}]}<\/script>\n<!-- \/ Yoast SEO plugin. -->","yoast_head_json":{"title":"Rentoutusohjaus - Mieli,liike ja keho","robots":{"index":"index","follow":"follow","max-snippet":"max-snippet:-1","max-image-preview":"max-image-preview:large","max-video-preview":"max-video-preview:-1"},"canonical":"https:\/\/mielike.fi\/index.php\/rentoutusohjaus\/","og_locale":"fi_FI","og_type":"article","og_title":"Rentoutusohjaus - Mieli,liike ja keho","og_description":"Yin-jooga Yin-jooga on, kuin lempe\u00e4 tauko el\u00e4m\u00e4n keskell\u00e4 &#8211; hetki, jossa voit vain olla. Harjoituksen aikana arjen kiireet v\u00e4istyv\u00e4t mielest\u00e4 ja keho saa luvan hellitt\u00e4\u00e4. Pitk\u00e4t ja rauhalliset asanat vapauttavat j\u00e4nnityst\u00e4 syv\u00e4lt\u00e4 sidekudoksista samalla, kun mieli laskeutuu hiljaisuuteen ja l\u00e4sn\u00e4oloon. Yin-jooga ei vaadi suorittamista. Harjoitus auttaa sinua kuuntelemaan kehoasi paremmin ja l\u00f6yt\u00e4m\u00e4\u00e4n pehmeys sielt\u00e4, miss\u00e4 [&hellip;]","og_url":"https:\/\/mielike.fi\/index.php\/rentoutusohjaus\/","og_site_name":"Mieli,liike ja keho","article_modified_time":"2026-03-25T12:26:19+00:00","og_image":[{"url":"https:\/\/mielike.fi\/wp-content\/themes\/twentytwentyfive\/assets\/images\/red-hibiscus-closeup.webp","type":"","width":"","height":""}],"twitter_card":"summary_large_image","twitter_misc":{"Arvioitu lukuaika":"3 minuuttia"},"schema":{"@context":"https:\/\/schema.org","@graph":[{"@type":"WebPage","@id":"https:\/\/mielike.fi\/index.php\/rentoutusohjaus\/","url":"https:\/\/mielike.fi\/index.php\/rentoutusohjaus\/","name":"Rentoutusohjaus - Mieli,liike ja keho","isPartOf":{"@id":"https:\/\/mielike.fi\/#website"},"primaryImageOfPage":{"@id":"https:\/\/mielike.fi\/index.php\/rentoutusohjaus\/#primaryimage"},"image":{"@id":"https:\/\/mielike.fi\/index.php\/rentoutusohjaus\/#primaryimage"},"thumbnailUrl":"https:\/\/mielike.fi\/wp-content\/themes\/twentytwentyfive\/assets\/images\/red-hibiscus-closeup.webp","datePublished":"2026-03-25T12:26:15+00:00","dateModified":"2026-03-25T12:26:19+00:00","breadcrumb":{"@id":"https:\/\/mielike.fi\/index.php\/rentoutusohjaus\/#breadcrumb"},"inLanguage":"fi","potentialAction":[{"@type":"ReadAction","target":["https:\/\/mielike.fi\/index.php\/rentoutusohjaus\/"]}]},{"@type":"ImageObject","inLanguage":"fi","@id":"https:\/\/mielike.fi\/index.php\/rentoutusohjaus\/#primaryimage","url":"https:\/\/mielike.fi\/wp-content\/themes\/twentytwentyfive\/assets\/images\/red-hibiscus-closeup.webp","contentUrl":"https:\/\/mielike.fi\/wp-content\/themes\/twentytwentyfive\/assets\/images\/red-hibiscus-closeup.webp"},{"@type":"BreadcrumbList","@id":"https:\/\/mielike.fi\/index.php\/rentoutusohjaus\/#breadcrumb","itemListElement":[{"@type":"ListItem","position":1,"name":"Etusivu","item":"https:\/\/mielike.fi\/"},{"@type":"ListItem","position":2,"name":"Rentoutusohjaus"}]},{"@type":"WebSite","@id":"https:\/\/mielike.fi\/#website","url":"https:\/\/mielike.fi\/","name":"Mielen ja kehon rentoutus","description":"Kehotietoinen rentoutusohjaus.","publisher":{"@id":"https:\/\/mielike.fi\/#\/schema\/person\/03c07dc35716f187a614ccf2f6651a51"},"potentialAction":[{"@type":"SearchAction","target":{"@type":"EntryPoint","urlTemplate":"https:\/\/mielike.fi\/?s={search_term_string}"},"query-input":{"@type":"PropertyValueSpecification","valueRequired":true,"valueName":"search_term_string"}}],"inLanguage":"fi"},{"@type":["Person","Organization"],"@id":"https:\/\/mielike.fi\/#\/schema\/person\/03c07dc35716f187a614ccf2f6651a51","name":"Hertta Lehtinen","image":{"@type":"ImageObject","inLanguage":"fi","@id":"https:\/\/mielike.fi\/wp-content\/uploads\/2026\/03\/MIELIKE.png","url":"https:\/\/mielike.fi\/wp-content\/uploads\/2026\/03\/MIELIKE.png","contentUrl":"https:\/\/mielike.fi\/wp-content\/uploads\/2026\/03\/MIELIKE.png","width":2000,"height":2000,"caption":"Hertta Lehtinen"},"logo":{"@id":"https:\/\/mielike.fi\/wp-content\/uploads\/2026\/03\/MIELIKE.png"},"sameAs":["https:\/\/mielike.fi","mielike.fi"]}]}},"_links":{"self":[{"href":"https:\/\/mielike.fi\/index.php\/wp-json\/wp\/v2\/pages\/36","targetHints":{"allow":["GET"]}}],"collection":[{"href":"https:\/\/mielike.fi\/index.php\/wp-json\/wp\/v2\/pages"}],"about":[{"href":"https:\/\/mielike.fi\/index.php\/wp-json\/wp\/v2\/types\/page"}],"author":[{"embeddable":true,"href":"https:\/\/mielike.fi\/index.php\/wp-json\/wp\/v2\/users\/1"}],"replies":[{"embeddable":true,"href":"https:\/\/mielike.fi\/index.php\/wp-json\/wp\/v2\/comments?post=36"}],"version-history":[{"count":1,"href":"https:\/\/mielike.fi\/index.php\/wp-json\/wp\/v2\/pages\/36\/revisions"}],"predecessor-version":[{"id":37,"href":"https:\/\/mielike.fi\/index.php\/wp-json\/wp\/v2\/pages\/36\/revisions\/37"}],"wp:attachment":[{"href":"https:\/\/mielike.fi\/index.php\/wp-json\/wp\/v2\/media?parent=36"}],"curies":[{"name":"wp","href":"https:\/\/api.w.org\/{rel}","templated":true}]}}